(1 + 0)/((-5)/f).
2, 3, 5
Let u(y) = -19*y**3 + 2*y**2 - 1. Let g(f) = -f**2 + 5*f - 1. Let c be g(5). List the prime factors of u(c).
2, 5
Let z = 10 + -8. Let k(a) = a**2 - 4*a + 2. Let y be k(z). Let j = 5 - y. What are the prime factors of j?
7
Let h(u) = -u**3 + 41*u**2 + 83*u + 66. What are the prime factors of h(41)?
3469
Suppose 0 = 2*l + 287 - 1137. List the prime factors of l.
5, 17
List the prime factors of 15482/5 + (-74)/185.
2, 3, 43
Let t = -6 + 12. Suppose -2*c - 2*h = -c - t, 2*c + 3 = -h. What are the prime factors of (c + 3)*(-22)/1?
2, 11
Suppose 2*o - 18*o + 20560 = 0. What are the prime factors of o?
5, 257
Suppose 5*c = -0*c - 5, 2*s = 5*c + 11. Suppose -s*j + z - 9 = 0, 9*j + 4 = 4*j - 2*z. Let u(v) = -11*v - 2. What are the prime factors of u(j)?
2, 5
Suppose -3*v + 49 = -5*k + 508, -v = 2*k - 177. Suppose -3*z = 3, 0 = 5*h - z - k - 161. What are the prime factors of h?
2, 5
Suppose -3*z - 3*f = -5*f - 230, 0 = 5*z - 5*f - 375. Let x = -34 + z. What are the prime factors of x?
2, 23
Suppose 1711 = 3*r - 4*t, 3*r - 1710 = 7*t - 4*t. List the prime factors of r.
569
List the prime factors of -5*1810/(-50) - 2/(-1).
3, 61
Let d(s) = 351*s - 183. List the prime factors of d(6).
3, 641
Suppose 31 = 5*d + 16. List the prime factors of 0 - d/(-3)*13.
13
List the prime factors of (-63)/45 + (-9164)/(-10).
3, 5, 61
List the prime factors of 7/(13 - 6)*(-1 + 182).
181
What are the prime factors of (12098/92)/((-1)/(-2))?
263
Let i(q) = q**3 - 11*q**2 - 10*q - 14. Let s be i(12). Suppose 0 = -s*a + 4*a + 252. What are the prime factors of a?
2, 3, 7
Let x = 4469 + -3113. What are the prime factors of x?
2, 3, 113
Suppose 0 = 6*i - 2*i - 20. Suppose -z = x - 43, i*x - 2*z = -5*z + 221. What are the prime factors of x?
2, 23
Let n(w) = -w + 7. Let c(o) be the third derivative of -7*o**3/6 - 8*o**2. Let h(i) = 6*c(i) + 5*n(i). List the prime factors of h(-11).
2, 3
Let j(s) = -9*s - 19. Let w be j(-3). Let v = w - -34. What are the prime factors of v?
2, 3, 7
Suppose 4 = 4*r - 12. Let h(d) = d**3 - 4*d**2 + 3*d - 8. Let l be h(r). Suppose -l*s - 74 = -6*s. List the prime factors of s.
37
Let o(t) = -t**3 + 9*t**2 + 12*t - 15. Let h be o(10). Suppose 2*j + h*j = 476. What are the prime factors of j?
2, 17
Let d(q) = -5*q**3 - 11*q**2 - 3*q + 1. Let s(o) = -4*o**3 - 10*o**2 - 2*o + 1. Let j = 8 - 3. Let c(b) = j*d(b) - 6*s(b). What are the prime factors of c(3)?
2
Suppose 0 = -11*g + 456 - 38. What are the prime factors of g?
2, 19
List the prime factors of ((-6)/(-10))/(28/23660).
3, 13
Let t = -516 + 754. What are the prime factors of t?
2, 7, 17
Let v(w) = 539*w - 37. What are the prime factors of v(3)?
2, 5, 79
Let b(r) = -r**2 - 14*r + 8. Let s be b(-10). Let g be (12/(-9))/((-1)/s). Let a = g - 34. List the prime factors of a.
2, 3, 5
Suppose -f - 12 = -14. List the prime factors of 12/3 - -10 - f.
2, 3
Let s(f) = -2*f + 34. Let m be s(-27). Suppose 10*g = 14*g - m. What are the prime factors of g?
2, 11
Let y(o) = 9*o**2 - 8*o + 2. Let x be y(-5). Let b = x - 129. List the prime factors of b.
2, 3, 23
List the prime factors of 4/(-6)*-4*21063/68.
2, 7, 59
Let b(t) = -2*t + 1 + 4*t - 2*t**2 + 55*t**3 + 1 - 3*t. What are the prime factors of b(1)?
2, 3
Let w = 56 - 78. Suppose 4*g - 5 = 7, 2*g - 271 = -5*f. Let m = f + w. List the prime factors of m.
31
Let q = -58 - -56. List the prime factors of (-4040)/(-28) + q - (-2)/(-7).
2, 71
Let g(s) = -7*s + 25. Let a(h) = h. Let j(t) = 4*a(t) + g(t). List the prime factors of j(-14).
67
Suppose 0*y - 2*r = 5*y + 32, -5*r = -3*y - 13. Let c be (-3)/(y/(-1))*-22. Suppose 0 = -0*x + x - c. What are the prime factors of x?
11
Let r(o) be the second derivative of o**5/60 - o**4/8 - o**3/2 + o**2 - o. Let l(q) be the first derivative of r(q). List the prime factors of l(6).
3, 5
Let y = -206 + 128. List the prime factors of (y + 2)*2/(-4).
2, 19
Let b = 2061 + -468. List the prime factors of b.
3, 59
What are the prime factors of (1 - -4) + 94*(-15)/(-10)?
2, 73
Suppose -s - 5*s - 30 = 0. Let z(v) = -16*v + 4. What are the prime factors of z(s)?
2, 3, 7
Let s be -95*(4 + -7 + -4). Suppose 0 = 7*f - 0*f - s. Suppose 2*b - 4*w + 70 = 4*b, w + f = 2*b. What are the prime factors of b?
3, 5
Suppose 18*r - 6232 = 2426. What are the prime factors of r?
13, 37
Suppose 4*g = -b + 26, 0 = -5*b + 4*g + g + 155. Let f be 24/(-2)*1/(-2)*1. Let c = b - f. List the prime factors of c.
2, 3
Let j = -14 - -84. Suppose 29*h + j = 34*h. List the prime factors of h.
2, 7
Let q be ((-140)/(-12))/(50/24 + -2). Suppose 3*t = 163 + q. List the prime factors of t.
101
Suppose 0 = 4*k - 5*h - 253, -h - h = -5*k + 312. Suppose 0 = -2*x + 3*x - k. What are the prime factors of x?
2, 31
Let v = 119 - 85. Let l = v + -32. What are the prime factors of l?
2
Let n be 84/3*(2 + (3 - 0)). Suppose 184 + n = 3*c. What are the prime factors of c?
2, 3
Suppose 8305 = 5*j + g, 3*j + g - 4*g = 4965. What are the prime factors of j?
2, 5, 83
Let k(s) = 17*s**3 - 5*s**2 + s - 4. What are the prime factors of k(3)?
7, 59
Suppose -x - 3 = -5. Suppose 2*b = -3*s + 99, b - x*s - 129 = -2*b. List the prime factors of b.
3, 5
Suppose 4*o = 9*o - 10. List the prime factors of 14*(3 - o) - 1.
13
Let x be (-24)/(-40) + 297/5. Suppose -x = 6*o - 2*o. What are the prime factors of ((-18)/o)/(2/5)?
3
Let o be 0 - (0/(-1) + 0). Let y = -53 + 67. Suppose o = -s + f + y, -s + 3*f = 8*f - 38. What are the prime factors of s?
2, 3
Let n(u) be the first derivative of u**3/3 - u**2 + u - 33. What are the prime factors of n(-3)?
2
Suppose -5*m - 2*a = -17, -4*m + 7*m + 5*a - 14 = 0. Suppose 226 = 5*f + 3*t, -5*t - 134 = -m*f - 6*t. List the prime factors of f.
2, 11
Suppose 2*j + 0*g - 3*g = 10, -5*g - 18 = -4*j. Let y be j/(-3) - (-482)/(-6). Let c = y - -115. List the prime factors of c.
2, 17
Suppose 5*j + 10 = 25. List the prime factors of (-1 - 0/(-1)) + (59 - j).
5, 11
Suppose 3*f = -5*b + 123, f - 5*b - 41 = -0*b. Suppose 92 + f = r. What are the prime factors of r?
7, 19
Let u be -2 + (-35)/5 - -2. Let x = u - -9. Let b(c) = 10*c**3 - 3*c**2 - c + 4. List the prime factors of b(x).
2, 5, 7
Suppose -715 = -r + b - 139, 0 = 5*r + 6*b - 2836. List the prime factors of r.
2, 11, 13
Suppose 0 = -u - 4*u - 3*v - 2, -4*u = 2*v. Let p(s) = 12 + 4*s**2 + 14 + u*s - 16 + s. List the prime factors of p(-4).
2, 31
Let m(f) = 12*f**3 - f**2 - f - 3. Let w be m(2). Let l(n) = 10*n**2 - n + 4. Let z be l(2). Let h = w - z. List the prime factors of h.
3, 5
Suppose -k - 3 = 1. Let p be ((-420)/(-18))/(k/(-18)). Suppose 2*r - 4*v - 28 - 26 = 0, -4*r = -5*v - p. What are the prime factors of r?
5
Suppose 4*h + 341 = -3*a + 5*h, a = 2*h - 117. Let o = a + 165. List the prime factors of o.
2, 13
Let c(m) = 4*m**2 - m + 520. What are the prime factors of c(0)?
2, 5, 13
Let x(c) = 4*c**2 + c - 1. Let y be x(1). Suppose 3*k = y*q - 212 - 136, -98 = -q - 2*k. Suppose -9 = -3*b + 6, 2*i - q = 4*b. What are the prime factors of i?
5, 11
Let q(k) = 42*k + 92. Let v be q(-9). Let d = -159 - v. What are the prime factors of d?
127
Let i(f) = -f**3 - f + 7. Let q be i(0). Suppose -q = -3*r - 1. Suppose g + g + 13 = z, -r*g = 4*z - 22. What are the prime factors of z?
7
Let v(m) = -642*m + 207. What are the prime factors of v(-3)?
3, 79
Suppose -3*k + 2*r = 184, -k + 2*r + 0*r - 64 = 0. What are the prime factors of k/9*384/(-20)?
2
Suppose -3*z + 5*r = -293, 2*z - 3*z + 111 = 5*r. Let w = z - 8. List the prime factors of w.
3, 31
Suppose -6*w + 2277 = 573. Suppose 2*q - w = 4*c, 0 = 5*q + 4*c - 3*c - 666. What are the prime factors of q?
2, 67
Let q(j) be the third derivative of 11*j**4/8 + j**2. What are the prime factors of q(1)?
3, 11
Suppose 0*b = 3*b + 5*p - 274, b - 103 = -4*p. What are the prime factors of b?
83
Let t(m) = 14*m + 26. Let n be t(-7). Let r = 3 - n. What are the prime factors of r?
3, 5
Let l(g) = 3*g + 8. Let p be l(-1). Suppose -q = -p - 185. What are the prime factors of q?
2, 5, 19
What are the prime factors of (-40)/(-80) + (-1 - 266/(-4))?
2, 3, 11
Let s = 854 + -562. Suppose -2*b = -2*d + s, -8*d + b + 750 = -3*d. List the prime factors of d.
151
Let s be (96/(-54))/8 + (-1159)/9. Let d = s - -286. List the prime factors of d.
157
Suppose